site?
True
Let c(s) = -74*s**3 + 17*s**2 + 65*s + 2. Let v be c(-6). Let w = -11071 + v. Is w prime?
False
Let i(u) be the first derivative of -u**4/4 + 11*u**3 + 11*u**2/2 - 25*u - 68. Is i(18) a composite number?
True
Let j(m) = -264*m + 53. Suppose 3*a = 4*g + 21, -2*g + 0*g + a = 11. Is j(g) a prime number?
True
Is (17 + -11 - -24904) + 3 + -2 a prime number?
False
Let p = 464 - 470. Is p/(-12) + 355377/6 - -3 a composite number?
False
Let w(v) = v**2 - 8*v - 9. Let d be w(9). Suppose 0 = -3*m - d*m + 54. Is 11643/m - 4/(-24) a prime number?
True
Let b be (-4)/(28/(-105)) - 2*1. Let u be (17*1)/(b/(-52)). Is (u/(-6))/(-2)*-39 a composite number?
True
Let d be 3 - (3 + (-1 - -1)). Let j be 3*1 + 7 + d + -10. Suppose j = -3*q + 3, -w + 2*q = -0*q - 49. Is w a composite number?
True
Let z = -185 - -185. Suppose 34*r - 21*r - 11791 = z. Is r prime?
True
Let i = -5 - 43. Let w = i + 15. Let y = -2 - w. Is y a composite number?
False
Let y(n) = 278*n**2 - 3*n + 62. Suppose -182 = s + 25*s. Is y(s) a composite number?
True
Suppose x + 10789 = 4*x - 54368. Is x a composite number?
True
Suppose -3*q + 14760 - 3198 = 2*b, 0 = -q. Is -2*(6*b/(-12) + 4) a composite number?
True
Suppose -4*y - 4 = -3*y, -5*k - 93 = -3*y. Let b be (0 + 2/3)/(14/k). Is b/(-2)*(-11 + 145) a prime number?
True
Suppose 15*j - 8*j - 3039 = 5*t, j - 417 = 5*t. Is j composite?
True
Let o be (1413/(-3) + 2)*-1. Let a be (-4)/26 + o/91. Suppose 4*s + a*b = 5061, b + 9145 = 5*s + 2855. Is s a composite number?
False
Let r(n) = -3900*n + 1289. Is r(-17) composite?
False
Let j be 0 + 0 + 2 + (-3)/(-3). Suppose -2*m + 2172 = -4*d, -j*m - 13*d = -9*d - 3238. Is m a composite number?
True
Let h = 315224 - 171193. Is h composite?
False
Let d(g) = -g**3 + 4*g**2 - 3*g - 9. Let m be d(6). Let u = -110 - m. Is 2671 + u - (-3)/(-1) prime?
True
Suppose 5*j + 12027 = g, 2*g - 24034 = -55*j + 60*j. Is g a prime number?
True
Suppose -w - 57 - 302 = -d, -d = 5*w + 1777. Suppose 5100 = 12*z - 8*z. Let t = z + w. Is t a composite number?
False
Let g(u) = -u**3 - 38*u**2 - u + 62. Let l be g(-38). Is (-60)/l + (-76168)/(-5) a composite number?
False
Let d = 390696 + -277859. Is d prime?
False
Let y = -73319 - -175536. Is y a prime number?
True
Suppose 0 = 5*o - 14 + 4. Suppose 0 = 8*h - o*h - 18582. Is h composite?
True
Suppose 7*y = -54570 - 10103. Is (16/16)/((-1)/y) a composite number?
False
Suppose 2*v = -0 - 4. Let g be v/(3*(-6)/45). Suppose -3*b + 267 = -2*t, 5*b - 458 = -g*t + 4*t. Is b prime?
False
Let d = 3190 - 2456. Is d composite?
True
Let v = 3512375 + -844206. Is v a composite number?
True
Let z = -1444 + 3659. Suppose -3*m + z = 5*x, 2*m - 3*m = x - 443. Is x composite?
False
Let a(o) = o**3 + 259*o + 10*o**2 + 2*o**2 + 17 + 118 - 298*o. Is a(25) prime?
False
Let m be 333 - (-11)/((-77)/28). Suppose -5*l - 3*j = -3292, 3*l - 676 = 2*l - 5*j. Let u = l - m. Is u a prime number?
False
Let j(l) = -l**3 - 18*l**2 - 80*l - 4. Let r be j(-8). Let q = -3 - -13. Is (r - (-34)/q)/((-1)/2705) composite?
True
Suppose -t - 5 = 0, 5*s + 3*t + 23732 = 93187. Is s a prime number?
False
Suppose l = -l - 4*l. Suppose 8*i - 10*i + 10 = l. Suppose 2*h = 2*g + 366, 2*h - h = i*g + 199. Is h prime?
True
Let f(i) be the third derivative of 0 + 1/40*i**6 - 2*i**3 + 13*i**2 - 3/20*i**5 + 0*i + 13/24*i**4. Is f(9) composite?
True
Let n(l) = 2*l**3 + 4*l**2 + 2*l - 3. Suppose 3*w - o = 4*o - 3, -4*w = o - 19. Let p be n(w). Suppose -3*m = 2*r - p, -r = -2*m - 2*r + 132. Is m prime?
True
Let v(p) = -177*p**3 - 16*p**2 - 13*p + 16. Let y be v(-9). Let l = y + -71597. Is l a composite number?
True
Suppose 2*o - 111 = -35. Suppose -98 + o = 10*t. Is ((-4)/t)/((-3620)/1815 + 2) prime?
False
Let u(q) = 609*q**2 + 1339*q + 41. Is u(-21) a composite number?
False
Let m be ((-28)/16)/((0 + -3)/(-36)). Is (15/(-10))/(m/6398) composite?
False
Let m be (24/(-16))/((-9)/2244). Let p be 4*1/16*0. Suppose 3*y + d - 158 - m = 0, y + 4*d - 159 = p. Is y prime?
True
Let p(u) = 4*u - 40. Let w(a) = 9*a - 79. Let v(t) = -5*p(t) + 2*w(t). Let i be v(21). Suppose i = -8*c - 4086 + 13774. Is c prime?
False
Let k(a) = 20*a**2 - 21*a - 14. Let b(p) = -12*p - 23. Let r be b(-3). Is k(r) a composite number?
True
Suppose 86*m = 82*m - 16. Let y be (1 - 2)*0 - m. Suppose 0 = y*b - 2*v - 3478, -1741 = -2*b + 7*v - 4*v. Is b a composite number?
True
Let r(g) = 0*g - 26 + 1 + 20*g**2 + g**3 + 20*g. Let t be r(-19). Let q = t - -103. Is q prime?
True
Suppose 29 = -12*f - 19. Let n(u) = 9*u**2 + 3*u + 31. Is n(f) a composite number?
False
Let o be (((-1512)/(-35))/9)/(2/(-10)). Let g(d) = -81*d + 155. Is g(o) composite?
False
Let t = -278 + 276. Let n(z) = -361*z**3 - z**2 - 5*z - 1. Is n(t) composite?
True
Suppose -24*q = 3094636 - 16253620. Is q a prime number?
True
Suppose 224*r = 25*r + 59039605 + 7663404. Is r prime?
False
Suppose 5*n - 3162 = 3*n. Is n/2 + (-1)/(-2) composite?
True
Suppose 0*m + 35*m = 5*m + 1006230. Is m a composite number?
True
Let o = -7597 - -16286. Let s = o - 4896. Is s composite?
False
Let g = 383 + -378. Suppose -2*y + 0*h + 5*h = -7303, g*y = 3*h + 18286. Is y prime?
True
Let p(w) = w**3 - 38*w**2 + 3*w - 118. Let a be p(38). Is -1*a/(-2) - -163 prime?
False
Let l be (-8)/(80/6) + (-244)/10. Is (-115)/l + (-6)/10 - -315 composite?
True
Is (-36908235)/390*1*4/(-6) prime?
False
Let s = 5944 + 22657. Is s composite?
True
Let f be (-25)/(-4) - (-6)/(-24). Suppose f*g + 5*p - 2224 = 4*g, -3*g - 4*p = -3343. Is g composite?
False
Is (-2 - -863155)/(6/1 + (193 - 198)) composite?
False
Let v be (-8)/28 - ((-321)/7)/3. Suppose 0 = 4*u - 5*u + 4*p + 21, -5*u - 4*p = v. Is (-1 + u/3)*(-45594)/12 a prime number?
False
Suppose 3650390 - 8516869 = -437*b + 19360364. Is b a prime number?
True
Suppose -3*g + 10 = -5*g + 5*a, g + 2*a - 13 = 0. Let j(k) = 31*k + 216. Is j(g) prime?
False
Let b(a) = 2179*a**3 + 7*a**2 - 9*a + 2. Let s be (-10)/(-4)*(-9 - 47/(-5)). Is b(s) prime?
True
Let m = 86 - 78. Suppose 0 = q - m - 1183. Is q prime?
False
Let p be (3/(-3) - 1) + 3 - 1079. Let h be 6/(-7)*p/11. Suppose 0 = s + t - 6*t - h, -4*s = 3*t - 382. Is s prime?
False
Let d = 21136 + 21415. Is d a prime number?
False
Let l(d) = -8 + 23*d**2 - 14 + 19. Let a be l(-7). Suppose 0 = 5*z - 1941 - a. Is z a prime number?
True
Is 232861*((-2)/12)/(5/(-30)) composite?
False
Let k = -68 + 76. Let d(n) = -n**3 + 10*n**2 - 17*n + 7. Let i be d(k). Let j(s) = -7050*s - 5. Is j(i) composite?
True
Suppose 6*l + 5 = 7*l + 4*q, 4*l - 3*q = 1. Is (9887 + l)/6 - (-5)/(-1) a composite number?
True
Suppose -4*s = -0*s - 112. Is (10/(-4))/(s/(-120568)) prime?
False
Let w(t) = -4*t**3 + 23*t**2 - 35*t - 58. Is w(-20) a prime number?
False
Let d be 2/(-10) - (-121212)/60. Suppose -4*p = -12, -j - 5*p = -246 + d. Let f = -936 - j. Is f composite?
False
Let v = 6079 + 17107. Is v composite?
True
Suppose -34*x = -51681 - 118693. Suppose 6*h - 8*h + x = 3*k, 5*h - 8355 = -5*k. Is k a prime number?
True
Suppose -83*b + 87*b + 116 = 0. Is 4/(16/6)*(12045 - b) a prime number?
False
Suppose 36*u = 682409 - 221349 + 1382680. Is u a composite number?
True
Suppose -2*t + 3*d = -9, -3 = -5*t + 4*d + 2. Let n be ((2/(-4))/(-1))/(t/(-1866)). Suppose q + n - 1626 = 0. Is q composite?
True
Let n be (-3 - -2)*-3 + -20. Let j = 22 + n. Suppose 4*l = -4*q + 9712, 2*q = 3*q + j*l - 2424. Is q a composite number?
True
Suppose 0 = -34*j + 36*j + 3406. Let q = j + 2500. Is q a composite number?
False
Let w(l) be the first derivative of 268*l**2 + 125*l - 86. Is w(7) prime?
True
Let i = -6701 + 14424. Suppose -4*r = -3*y + i, 9*y - 7*y - 4*r - 5142 = 0. Is y a composite number?
True
Let h(f) = 4 - 58*f**2 + 8*f + 7*f**2 + 1 + 1. Let y be h(6). Is 2*((-2 - y/4) + 0) a composite number?
False
Suppose -132*k - 148527 = -179208 - 711555. Is k prime?
True
Let g = 171363 - 48502. Is g a prime number?
True
Suppose 0 = -3*m + w - 4*w - 237483, -2*w = m + 79162. Is ((-6)/4)/(-3)*m/(-20) a prime number?
True
Let f = -177624 + 318781. Is f prime?
True
Suppose 4*m = -i + 126, 3*m - 7*i - 83 = -2*i. Let k = m - 29. Suppose k*v + 0*v = -2, -1017 = -4*a + 5*v. Is a prime?
False
Let r = -6781 + 51318. Is r a prime number?
True
Suppose 0 = k + d - 389413, -374463 = -k + 5*d + 14938. Is k pri